ple of 80?
False
Is 27 a factor of 259740?
True
Does 21 divide 301329?
True
Is 311734 a multiple of 23?
False
Is 575512 a multiple of 172?
True
Is 62060 a multiple of 29?
True
Is 8357375 a multiple of 125?
True
Does 806 divide 8826085?
False
Is 372 a factor of 72199?
False
Is 128340 a multiple of 414?
True
Is 4 a factor of 21199?
False
Is 1295 a factor of 13253872?
False
Does 855 divide 2021647?
False
Does 125 divide 251796?
False
Is 3 a factor of 337619?
False
Is 310909 a multiple of 71?
True
Is 21 a factor of 564244?
False
Does 106 divide 4280704?
True
Does 22 divide 1898714?
False
Is 30 a factor of 67768?
False
Is 81705 a multiple of 65?
True
Is 4827103 a multiple of 31?
True
Is 5 a factor of 110066?
False
Does 279 divide 489924?
True
Does 1313 divide 6037174?
True
Is 203 a factor of 1828222?
False
Is 60 a factor of 1199880?
True
Does 5 divide 55359?
False
Is 7 a factor of 89957?
True
Is 39 a factor of 651417?
True
Is 9 a factor of 1069533?
True
Is 60543 a multiple of 122?
False
Does 162 divide 16751131?
False
Is 27 a factor of 45936?
False
Does 534 divide 12794640?
True
Is 4 a factor of 1425048?
True
Is 3702934 a multiple of 71?
True
Does 2 divide 1244930?
True
Does 57 divide 395511?
False
Is 991744 a multiple of 47?
False
Does 1279 divide 4675065?
False
Is 5235868 a multiple of 43?
False
Is 53613 a multiple of 61?
False
Does 281 divide 72217?
True
Does 19 divide 1559855?
False
Does 10 divide 15088988?
False
Is 109996 a multiple of 428?
True
Does 165 divide 298777?
False
Does 10 divide 268160?
True
Is 257 a factor of 743739?
False
Is 3 a factor of 29039?
False
Is 30 a factor of 3222511?
False
Is 119789 a multiple of 187?
False
Is 1833675 a multiple of 345?
True
Is 3 a factor of 3491826?
True
Does 25 divide 1716050?
True
Does 2393 divide 7753320?
True
Is 195 a factor of 495806?
False
Is 15552600 a multiple of 644?
True
Is 360 a factor of 62639?
False
Is 616830 a multiple of 290?
True
Does 23 divide 374389?
False
Is 695589 a multiple of 69?
True
Is 709829 a multiple of 59?
True
Does 55 divide 179300?
True
Is 132 a factor of 2759724?
True
Does 205 divide 175480?
True
Is 17 a factor of 3828587?
True
Does 56 divide 642649?
False
Is 1504092 a multiple of 404?
True
Is 211 a factor of 2257475?
False
Is 21 a factor of 1777839?
True
Does 6 divide 606?
True
Is 138 a factor of 56304?
True
Does 809 divide 14459257?
True
Is 10078727 a multiple of 43?
True
Is 348944 a multiple of 377?
False
Is 8 a factor of 19256?
True
Is 28 a factor of 343248?
False
Is 7 a factor of 276047?
False
Is 923 a factor of 2493946?
True
Is 395403 a multiple of 7?
False
Is 5 a factor of 119444?
False
Is 105 a factor of 68670?
True
Is 18 a factor of 250818?
False
Does 21 divide 456714?
False
Does 17 divide 9731650?
True
Is 9396351 a multiple of 27?
True
Does 9 divide 8952437?
False
Does 596 divide 5445056?
True
Does 15 divide 8571165?
True
Is 33516 a multiple of 38?
True
Does 8 divide 8516134?
False
Is 7 a factor of 624771?
True
Does 14 divide 302120?
True
Is 904120 a multiple of 152?
False
Is 125 a factor of 22022807?
False
Does 35 divide 19045635?
True
Does 6 divide 74292?
True
Is 383396 a multiple of 13?
True
Is 454020 a multiple of 345?
True
Is 1296450 a multiple of 25?
True
Is 395 a factor of 21637?
False
Is 13 a factor of 2385630?
True
Does 12 divide 45500?
False
Does 9 divide 15443?
False
Is 64 a factor of 3031658?
False
Is 218510 a multiple of 10?
True
Is 63980 a multiple of 44?
False
Is 1340800 a multiple of 50?
True
Does 12 divide 1158268?
False
Is 181 a factor of 555308?
True
Does 152 divide 115361?
False
Is 19 a factor of 295465?
False
Does 30 divide 2001090?
True
Is 16 a factor of 2657577?
False
Is 333311 a multiple of 595?
False
Does 15 divide 3235708?
False
Does 287 divide 1538320?
True
Does 30 divide 709410?
True
Is 35 a factor of 10850?
True
Is 128 a factor of 63091?
False
Is 4 a factor of 11154?
False
Does 154 divide 10330415?
False
Is 206 a factor of 815142?
True
Does 1261 divide 10792899?
True
Is 41 a factor of 242404?
False
Does 9 divide 29098?
False
Is 886170 a multiple of 421?
False
Is 29 a factor of 7809758?
True
Does 288 divide 3352320?
True
Is 339 a factor of 569181?
True
Is 879 a factor of 3101931?
False
Is 29 a factor of 989603?
False
Is 2581416 a multiple of 1258?
True
Does 152 divide 71611?
False
Is 60233 a multiple of 146?
False
Is 13905928 a multiple of 692?
False
Is 42768 a multiple of 44?
True
Is 254 a factor of 351028?
True
Is 27532 a multiple of 4?
True
Does 241 divide 25026974?
False
Is 207080 a multiple of 155?
True
Does 23 divide 172828?
False
Does 3 divide 14125?
False
Does 7 divide 339996?
False
Is 173732 a multiple of 257?
True
Does 17 divide 218958?
False
Does 244 divide 797636?
True
Does 225 divide 989601?
False
Is 1829256 a multiple of 286?
True
Is 32 a factor of 516834?
False
Is 369438 a multiple of 402?
True
Does 591 divide 1416036?
True
Does 12 divide 124460?
False
Is 3 a factor of 2385834?
True
Is 8 a factor of 73467?
False
Is 3107662 a multiple of 310?
False
Does 202 divide 971938?
False
Is 153381 a multiple of 20?
False
Does 871 divide 9085783?
False
Is 9 a factor of 2650531?
False
Does 179 divide 117434?
False
Does 2 divide 46702?
True
Is 119 a factor of 11496947?
True
Is 295 a factor of 232923?
False
Does 8 divide 914448?
True
Does 43 divide 664823?
True
Is 499844 a multiple of 116?
True
Is 14 a factor of 6858296?
False
Does 43 divide 1108347?
False
Does 32 divide 36832?
True
Is 13 a factor of 1661576?
False
Is 10 a factor of 1033920?
True
Does 8 divide 935055?
False
Is 219197 a multiple of 11?
True
Is 61 a factor of 508383?
False
Is 3492648 a multiple of 889?
False
Does 24 divide 4109016?
True
Does 44 divide 383196?
True
Is 593 a multiple of 25?
False
Does 14 divide 593250?
True
Is 2 a factor of 13011?
False
Does 22 divide 513436?
True
Does 77 divide 8565603?
False
Is 11622798 a multiple of 18?
True
Is 5 a factor of 690810?
True
Is 3 a factor of 22989?
True
Is 7361860 a multiple of 109?
True
Does 109 divide 293537?
True
Is 3666876 a multiple of 58?
True
Is 154 a factor of 101433?
False
Does 7 divide 88067?
True
Is 64 a factor of 881152?
True
Is 534633 a multiple of 96?
False
Is 132138 a multiple of 8?
False
Does 29 divide 206915?
True
Is 4768843 a multiple of 23?
True
Does 12 divide 1311170?
False
Is 1188812 a multiple of 366?
False
Does 119 divide 52360?
True
Is 1902678 a multiple of 109?
False
Is 541178 a multiple of 34?
True
Does 88 divide 52096?
True
Is 725868 a multiple of 66?
True
Is 730 a factor of 2982003?
False
Is 4188346 a multiple of 1049?
False
Does 76 divide 1446432?
True
Does 844 divide 9769598?
False
Is 19 a factor of 369863?
False
Does 4 divide 484611?
False
Does 6 divide 335154?
True
Does 19 divide 122425?
False
Is 294949 a multiple of 4?
False
Is 652 a factor of 853468?
True
Is 8226069 a multiple of 277?
True
Does 1005 divide 1224090?
True
Does 31 divide 2224425?
False
Does 9 divide 3095487?
True
Is 309997 a multiple of 271?
False
Is 131 a factor of 875604?
True
Does 455 divide 4333483?
False
Does 93 divide 431523?
False
Does 9 divide 154676?
False
Is 31 a factor of 70114?
False
Is 461578 a multiple of 13?
True
Is 33744 a multiple of 3?
True
Is 892247 a multiple of 3?
False
Does 19 divide 785612?
True
Is 22 a factor of 508464?
True
Does 297 divide 469461?
False
Is 15 a factor of 14384980?
False
Does 94 divide 925524?
True
Does 17 divide 19720?
True
Is 18 a factor of 86154?
False
Is 355894 a multiple of 841?
False
Is 219633 a multiple of 409?
True
Does 12 divide 82608?
True
Does 39 divide 1808976?
True
Is 1533545 a multiple of 5?
True
Is 2678959 a multiple of 14?
False
Is 3 a factor of 32630?
False
Is 6890285 a multiple of 331?
False
Does 13 divide 43944?
False
Is 3424235 a multiple of 515?
True
Does 750 divide 4344750?
True
Does 82 divide 170560?
True
Does 69 divide 2304390?
False
Is 22 a factor of 760372?
False
Is 85 a factor of 70874?
False
Is 12 a factor of 8695949?
False
Does 24 divide 59952?
True
Is 164163 a multiple of 3?
True
Does 19 divide 1573124?
True
Is 17 a factor of 717163?
False
Is 14112 a multiple of 12?
True
Does 13 divide 106730?
True
Does 162 divide 1049269?
False
Is 49 a factor of 132553?
False
Is 22 a factor of 32550?
False
Is 21 a factor of 70581?
True
Is 817 a factor of 651119?
Fals